 13*n**2 - 1/3*n**4 - r*n**5 + 0 + 0*n + n**3. Determine i(-8).
6
Let t = -6 + 38. Suppose 0 = 5*k - k + t. Let h(r) = 134 - 94 + r - 26. Give h(k).
6
Let f(c) = c**3 - 2*c**2 + 4*c - 3. Let u be f(1). Suppose u = 4*l - 5*l + 11. Let z(y) = 6 + 5*y - l + 2 + 4. Calculate z(-5).
-24
Let c(y) = 5*y**2 + 39*y - 114. Let a(d) = 4*d**2 + d. Let f(n) = 2*a(n) - c(n). Give f(6).
0
Let x(l) = 6*l - 19*l + 448 + 6*l + 350 - 26*l. Calculate x(24).
6
Suppose 26*q + 14*q = 3*q. Let y(d) = -3*d - 15. Let w(l) = -l. Let x(b) = 4*w(b) - y(b). What is x(q)?
15
Let d = -496 - -512. Suppose -d*w + 3 + 109 = 0. Let c(z) = -z + 13. What is c(w)?
6
Let b(n) = n**2 + 6*n - 132. Suppose 4*v = h - 29, -46 = -5*h - 3*v - 16. Calculate b(h).
3
Let o(t) = 8*t**2 + 10*t + 17. Let h be o(-2). Let y(m) = -m**3 + 30*m**2 - 29*m + 1. Calculate y(h).
1
Let l be 354/(-4)*7/(21/(-6)). Let p(y) = 2 + 178*y - 4 - l*y - 3. Let o be (-15 - -1)*(-2)/4. Calculate p(o).
2
Let b(d) = -6*d - 10. Suppose 185*t + 192 + 548 = 0. Determine b(t).
14
Suppose -7*l + d - 7 = -9*l, 0 = -4*l + 2*d + 2. Let a(w) = -807*w**2 + w**3 - 799*w**l + 1602*w**2 + 3 - 8*w. Suppose 7*t - 4*t - 15 = 0. Calculate a(t).
-12
Let y(m) = -83 - 79 + 236 - 79 - 40*m. Determine y(-2).
75
Let y(n) = n**2 - n. Let g(r) = 5*r + 80. Let d be g(-16). Suppose d = -13*s + 13 + 26. Let t be (s*(-1)/(-4))/((-65)/260). Give y(t).
12
Let q(w) = 40 + w + 39 - 108 + 36. Calculate q(-15).
-8
Let b = 0 - -1. Let l(d) = 6*d - 58. Let i(r) = -2*r + 1. Let v(y) = 2*i(y) - l(y). Let a(t) = 3. Let u(n) = -20*a(n) + v(n). Determine u(b).
-10
Suppose 25*r - 191 = 109. Let i(a) = -10 - 18 - r - 8 + 53 - 4*a. What is i(-4)?
21
Let w(h) = 17*h**2 + 2*h + 9. Let v(n) = 6*n**2 + n + 3. Let z = 35 + -24. Let q(k) = z*v(k) - 4*w(k). Let s(g) = 89*g + 447. Let p be s(-5). Give q(p).
-5
Let p = 1377 - 1383. Let v(q) = q**2 + 13*q + 6. Give v(p).
-36
Let a(l) = -7*l - 1. Let h(o) = -29*o - 11. Let y(k) = 4*a(k) - h(k). Calculate y(4).
11
Let r(v) = 323*v**2 - 17*v - 7. Let p(q) = 377*q**2 - 18*q - 6. Let n(h) = -6*p(h) + 7*r(h). Give n(-8).
11
Let j = 4 + -3. Let c(h) = j - 3*h - 4*h + 0*h + 8*h. Determine c(3).
4
Let c(m) = -7*m + 14. Let a(g) = g - 2. Let h = -270 - -266. Let f(k) = h*a(k) - c(k). Give f(3).
3
Let o be 3/2*(2 + -6). Let c(u) be the first derivative of -u**4/12 - 5*u**3/6 - 79*u**2/2 + 50. Let t(l) be the second derivative of c(l). Give t(o).
7
Let b(f) = -f**3 - 11*f**2 - 17*f + 4. Suppose 3*v - 427 = -346. Suppose -19*u = -22*u - v. Calculate b(u).
-5
Let w(s) = s**3 - s - 1. Let i(k) be the third derivative of -k**6/120 - 11*k**5/60 - k**4/2 - 11*k**3/3 - 25*k**2 - 4*k. Let a be i(-10). What is w(a)?
-7
Let y(s) = -27*s - 76. Let w be (23/184)/(1/16) - 10/2. Calculate y(w).
5
Let s be (-1 + 4)/((-4 - -2) + 1). Let h(i) = -i**3 - 4*i**2 + 5. Determine h(s).
-4
Let u(r) = -2*r**3 - 11*r**2 - r + 9. Suppose 5*h + 20 = -640*w + 635*w, 0 = 5*h - 3*w + 28. Determine u(h).
-11
Let y(f) = f - 2. Suppose 14*z = -105 + 665. Let m be 20/z - (-51)/6. Determine y(m).
7
Suppose 134*z = 146*z + 24 - 0. Let p(o) = -25*o - 6. Give p(z).
44
Let c(f) = f + 15. Let r(p) be the first derivative of -5*p**2/2 - 76*p - 2. Let k be r(-14). Give c(k).
9
Suppose -8*w + 28 = -20. Suppose -w*f = -2*f - 16. Let g(h) = 8*h - 2*h**2 - 11 - f + 12 + 0*h**2. Calculate g(5).
-13
Let s(t) = -2*t**2 + 25*t + 28. Let r = -22905 + 22918. Calculate s(r).
15
Let v(d) = d**2 + 6*d + 1. Let i(a) = -6*a - 20. Let b be i(-6). Let o be (b/14)/(-4) - 418/154. What is v(o)?
-8
Let c(f) be the second derivative of -5*f**3/6 - 12*f**2 + 1696*f. Calculate c(-10).
26
Let m(y) = -y**3 + 11*y**2 - y + 6. Let k(x) = -5*x**3 - 9*x**2 + 3*x - 7. Let n(q) = -5*k(q) - 4*m(q). Calculate n(1).
30
Let p(d) be the first derivative of 2*d**3/3 + 6*d**2 + 10*d + 9. Let z(l) = 3*l**2 + 19*l + 2. Let v be z(-6). What is p(v)?
-6
Let c(j) = 3*j**2 - 15*j + 18. Let z(y) = -y**2 + 5*y - 6. Let p(u) = -3*c(u) - 8*z(u). Suppose -132*x = -117*x - 60. Give p(x).
-2
Let v = 1138 + -1155. Let f(x) = x**3 + 16*x**2 - 14*x + 26. Give f(v).
-25
Let m(z) = z**3 + 4*z**2 + 2*z + 1. Let y be m(-2). Suppose -y*r + 0*i + 10 = 5*i, 4*i = 5*r + 35. Let q(s) = 43 + 48 - 66 - 2*s - 21. Determine q(r).
10
Suppose -9*u + 4*u - 5 = -10*z, 3*u + 6 = 5*z. Let q(b) = 15*b + 3. Determine q(z).
-42
Let w(y) = 4*y**2 + 4. Let g(t) = -21*t**2 + 19*t - 6. Let j(z) = -g(z) - 5*w(z). Determine j(18).
-32
Let h(a) = -3584*a + 1186*a + 1194*a + 1181*a. Calculate h(-3).
69
Let c(y) = -y**3 - 5*y**2 + 8*y + 2. Let a be (1 + -7)*(-12)/9 + -4. Suppose a*v - 2*b + 23 = -3*b, 5*v - 4*b = -34. Determine c(v).
-10
Let k(y) be the first derivative of y**4/4 + 35*y**3/3 - 3*y + 52. Let z be k(-35). Let q(b) = -b**2 - 3*b - 2. Calculate q(z).
-2
Let c(t) be the third derivative of -3/20*t**5 + 1/120*t**6 + 8*t**2 + 0*t + 1/6*t**3 - 5/12*t**4 - 5. Determine c(10).
1
Let y(m) be the first derivative of -m**2 - 47*m + 4684. Give y(-15).
-17
Let z(o) be the first derivative of -2*o**3/3 - 13*o**2/2 - 23*o + 56. Let r(j) = -2*j**2 - 12*j - 18. Let f(s) = -5*r(s) + 4*z(s). What is f(-6)?
22
Let h = -2829 + 2829. Let p(f) be the third derivative of f**7/2520 - f**6/720 + f**5/30 - 3*f**2. Let c(o) be the third derivative of p(o). Give c(h).
-1
Let i(k) = k - 3. Let r be -160 - ((9 - 1)/4 - 3). Let v = r + 240. Suppose -5*u + 101 - v = 0. Determine i(u).
1
Let m(x) = x + 3. Let f(s) = -s**2 + 8*s + 20. Suppose 0 = r + 5*r - 294. Let o be (-28)/r + (-74)/(-7). Let h be f(o). Calculate m(h).
3
Let h = -333 + 345. Let b be h + 4/((-4)/7). Let a(t) = 2*t - 12. Determine a(b).
-2
Let v(d) be the first derivative of -d**4/4 + 3*d**3 + 19*d**2/2 + 14*d - 1243. Calculate v(11).
-19
Let u = -27 - -15. Let z(i) be the first derivative of i**4/4 + 13*i**3/3 + 11*i**2/2 - 13*i - 1018. Give z(u).
-1
Let g(v) = -v**2 + v - 1. Let z(c) = -5*c**2 + c - 13. Let t(f) = -6*g(f) + z(f). Let w be 7 - (12 + 0) - (-10 + -2). Determine t(w).
7
Let f(j) = j**2 - 24. Let x be f(-5). Let z(i) = 10*i - x - 25*i + 16*i. Determine z(-7).
-8
Let u = -18 - -17. Let g(w) = 30*w**2 - 14*w - 146. Let i(d) = 10*d**2 - 5*d - 53. Let n(b) = -4*g(b) + 11*i(b). Calculate n(u).
-10
Let r(h) = -h - 2. Suppose -g - 2*u = -62, 0 = 5*g + u - 378 + 50. Suppose -81 + g = 5*o. Calculate r(o).
1
Let b(k) = k**3 + 4*k**2 + 2*k - 1. Let w = -22 - -19. Let z be b(w). Let x(n) = -6*n**z + 22*n**2 + n**3 + 2*n - 15*n**2 - n. Calculate x(-1).
-1
Suppose -n - 3*n - 24 = 0. Let p(w) = -w**2 - 492 + 976 - 490 - 6*w. Determine p(n).
-6
Let o(k) be the third derivative of -k**4/12 + 13*k**3/3 - k**2 - 30*k + 2. What is o(8)?
10
Let y(u) be the second derivative of 9*u**3/2 - 74*u**2 + 798*u. Calculate y(5).
-13
Let i be (-98 - -97)/((-2)/14*-1). Let g(d) = -d**3 - 11*d**2 - 27*d - 1. What is g(i)?
-8
Let p = -349 + 351. Let z(v) = 2*v**2 - 10*v + 3*v - v - 26 + 0*v - v**p. Calculate z(11).
7
Suppose 10 - 19 = 3*g. Let w(z) = 5*z + 11. Let p(r) be the third derivative of -r**4/8 - 5*r**3/6 + 24*r**2. Let u(h) = 5*p(h) + 2*w(h). What is u(g)?
12
Suppose -2*y - 18 = 11*n - 6*n, 0 = 2*n + 5*y + 3. Suppose -2*k + 1926 = 4*k. Let w(z) = k - 327 - 5*z + 2*z. What is w(n)?
6
Suppose -6*d = -d. Suppose 4*w + d*w - 68 = 0. Suppose 6*x + 41 = w. Let m(v) = v**3 + 5*v**2 + 5*v - 2. Give m(x).
-6
Let t(b) = b**3 + b**2 - 2*b - 7. Suppose 17*g = -4*x + 13*g - 208, -2*g = 5*x + 272. Let i = x - -56. Give t(i).
-7
Let v(c) = -c**2 + 11*c + 24 + 2*c**2 - 8. Let t be v(-10). Let g(q) = 3*q - 5*q + 2*q - 2*q - t*q**2 - q**3 - 9. Determine g(-6).
3
Let h = 1575 + -1570. Let u(p) = -p**3 + 5*p**2 + 4*p - 1. Determine u(h).
19
Let l(m) = m**2 - 8*m - 61. Suppose -137*v + 375 + 489 = -506. Calculate l(v).
-41
Let q(k) = -k**3 - 21*k**2 + 7*k + 62*k**2 - 43*k**2. Suppose r + 12 = -2*r. Let z be q(r). Let m(u) = -u**3 + 5*u**2 - 3*u - 4. Calculate m(z).
0
Let j = -16 + 17. Let a(y) = 0*y + 4 - j - 5 + y. What is a(4)?
2
Let v(q) = -q**2 - 10*q + 1. Suppose -3 = 3*i, z + 4*i - 21 = -i. Let s be -6 - (z/10 + 12/30). What is v(s)?
10
Let q(o) be the first derivative of o**2 + 30*o - 189. What is q(-6)?
18
Let j(w) = 7*w**3 - 14*w**2 + 11*w. Let u(i) = -i**3 + i**2 - i - 1. Let t(l) = j(l) + 8*u(l). Calculate t(-7).
20
Let j(r) 